{"id":1621,"date":"2020-07-29T14:50:30","date_gmt":"2020-07-29T19:50:30","guid":{"rendered":"https:\/\/politecnicoindes.edu.co\/indes\/?post_type=product&#038;p=1621"},"modified":"2020-07-29T16:47:14","modified_gmt":"2020-07-29T21:47:14","slug":"audifonos-para-ninos","status":"publish","type":"product","link":"https:\/\/politecnicoindes.edu.co\/indes\/product\/audifonos-para-ninos\/","title":{"rendered":"Aud\u00edfonos para ni\u00f1os"},"content":{"rendered":"<p>Descripci\u00f3n: Aud\u00edfonos supra aurales de seguridad para ni\u00f1os. Con ajuste de l\u00edmite de volumen para proteger los o\u00eddos de sus hijos. Tama\u00f1o del altavoz: di\u00e1metro de 40mm, rango de frecuencia: 20-20,000Hz, impedancia: 32Ohm, sensibilidad: 95dB, cable de plug est\u00e1ndar 3,5 mm, largo del cable 1.2 m.<\/p>\n<p>Material: PVC, ABS<\/p>\n<p>Dimensiones: 14,5 x 14 cm.<\/p>\n","protected":false},"excerpt":{"rendered":"<p>Descripci\u00f3n: Aud\u00edfonos supra aurales de seguridad para ni\u00f1os. Con ajuste de l\u00edmite de volumen para proteger los o\u00eddos de sus hijos. Tama\u00f1o del altavoz: di\u00e1metro de 40mm, rango de frecuencia: 20-20,000Hz, impedancia: 32Ohm, sensibilidad: 95dB, cable de plug est\u00e1ndar 3,5 mm, largo del cable 1.2 m.<\/p>\n","protected":false},"featured_media":1623,"comment_status":"open","ping_status":"closed","template":"","meta":{"spay_email":""},"product_cat":[35],"product_tag":[49],"_links":{"self":[{"href":"https:\/\/politecnicoindes.edu.co\/indes\/wp-json\/wp\/v2\/product\/1621"}],"collection":[{"href":"https:\/\/politecnicoindes.edu.co\/indes\/wp-json\/wp\/v2\/product"}],"about":[{"href":"https:\/\/politecnicoindes.edu.co\/indes\/wp-json\/wp\/v2\/types\/product"}],"replies":[{"embeddable":true,"href":"https:\/\/politecnicoindes.edu.co\/indes\/wp-json\/wp\/v2\/comments?post=1621"}],"wp:featuredmedia":[{"embeddable":true,"href":"https:\/\/politecnicoindes.edu.co\/indes\/wp-json\/wp\/v2\/media\/1623"}],"wp:attachment":[{"href":"https:\/\/politecnicoindes.edu.co\/indes\/wp-json\/wp\/v2\/media?parent=1621"}],"wp:term":[{"taxonomy":"product_cat","embeddable":true,"href":"https:\/\/politecnicoindes.edu.co\/indes\/wp-json\/wp\/v2\/product_cat?post=1621"},{"taxonomy":"product_tag","embeddable":true,"href":"https:\/\/politecnicoindes.edu.co\/indes\/wp-json\/wp\/v2\/product_tag?post=1621"}],"curies":[{"name":"wp","href":"https:\/\/api.w.org\/{rel}","templated":true}]}}