{"id":1657,"date":"2020-07-29T17:16:03","date_gmt":"2020-07-29T22:16:03","guid":{"rendered":"https:\/\/politecnicoindes.edu.co\/indes\/?post_type=product&#038;p=1657"},"modified":"2024-08-20T05:40:37","modified_gmt":"2024-08-20T10:40:37","slug":"boligrafo-con-stylus","status":"publish","type":"product","link":"https:\/\/politecnicoindes.edu.co\/indes\/product\/boligrafo-con-stylus\/","title":{"rendered":"Bol\u00edgrafo con stylus"},"content":{"rendered":"<p>Bol\u00edgrafo con sistema Twist, cuerpo s\u00f3lido de color, clip y punta plateados, stylus en la parte superior. Incluye estuche de cart\u00f3n.<\/p>\n<p>Material: ABS<\/p>\n<p>Longitud: 14,4 cm.<\/p>\n","protected":false},"excerpt":{"rendered":"<p>Bol\u00edgrafo con sistema Twist.<\/p>\n","protected":false},"featured_media":1610,"comment_status":"open","ping_status":"closed","template":"","meta":{"spay_email":""},"product_cat":[36],"product_tag":[62,63],"_links":{"self":[{"href":"https:\/\/politecnicoindes.edu.co\/indes\/wp-json\/wp\/v2\/product\/1657"}],"collection":[{"href":"https:\/\/politecnicoindes.edu.co\/indes\/wp-json\/wp\/v2\/product"}],"about":[{"href":"https:\/\/politecnicoindes.edu.co\/indes\/wp-json\/wp\/v2\/types\/product"}],"replies":[{"embeddable":true,"href":"https:\/\/politecnicoindes.edu.co\/indes\/wp-json\/wp\/v2\/comments?post=1657"}],"wp:featuredmedia":[{"embeddable":true,"href":"https:\/\/politecnicoindes.edu.co\/indes\/wp-json\/wp\/v2\/media\/1610"}],"wp:attachment":[{"href":"https:\/\/politecnicoindes.edu.co\/indes\/wp-json\/wp\/v2\/media?parent=1657"}],"wp:term":[{"taxonomy":"product_cat","embeddable":true,"href":"https:\/\/politecnicoindes.edu.co\/indes\/wp-json\/wp\/v2\/product_cat?post=1657"},{"taxonomy":"product_tag","embeddable":true,"href":"https:\/\/politecnicoindes.edu.co\/indes\/wp-json\/wp\/v2\/product_tag?post=1657"}],"curies":[{"name":"wp","href":"https:\/\/api.w.org\/{rel}","templated":true}]}}