{"id":1664,"date":"2020-07-29T17:59:19","date_gmt":"2020-07-29T22:59:19","guid":{"rendered":"https:\/\/politecnicoindes.edu.co\/indes\/?post_type=product&#038;p=1664"},"modified":"2020-07-29T17:59:19","modified_gmt":"2020-07-29T22:59:19","slug":"boligrafo-multiusos-con-estuche","status":"publish","type":"product","link":"https:\/\/politecnicoindes.edu.co\/indes\/product\/boligrafo-multiusos-con-estuche\/","title":{"rendered":"Bol\u00edgrafo multiusos con estuche"},"content":{"rendered":"<p>Bol\u00edgrafo con Linterna y l\u00e1ser, sistema de apertura Twist, incluye estuche met\u00e1lico Individual y 3 pilas de repuesto. \u00datil como herramienta pr\u00e1ctica para presentaciones, ense\u00f1anza, reuniones, discursos y capacitaciones. Puntero para pantallas Resistivas que normalmente son de uso profesional y de precisi\u00f3n. Como dispositivos bancarios por ejemplo.<\/p>\n<p>Material: Metal<\/p>\n<p>Longitud: 15 cm.<\/p>\n","protected":false},"excerpt":{"rendered":"<p>Bol\u00edgrafo con Linterna y l\u00e1ser, sistema de apertura Twist.<\/p>\n","protected":false},"featured_media":1665,"comment_status":"open","ping_status":"closed","template":"","meta":{"spay_email":""},"product_cat":[36],"product_tag":[62,63],"_links":{"self":[{"href":"https:\/\/politecnicoindes.edu.co\/indes\/wp-json\/wp\/v2\/product\/1664"}],"collection":[{"href":"https:\/\/politecnicoindes.edu.co\/indes\/wp-json\/wp\/v2\/product"}],"about":[{"href":"https:\/\/politecnicoindes.edu.co\/indes\/wp-json\/wp\/v2\/types\/product"}],"replies":[{"embeddable":true,"href":"https:\/\/politecnicoindes.edu.co\/indes\/wp-json\/wp\/v2\/comments?post=1664"}],"wp:featuredmedia":[{"embeddable":true,"href":"https:\/\/politecnicoindes.edu.co\/indes\/wp-json\/wp\/v2\/media\/1665"}],"wp:attachment":[{"href":"https:\/\/politecnicoindes.edu.co\/indes\/wp-json\/wp\/v2\/media?parent=1664"}],"wp:term":[{"taxonomy":"product_cat","embeddable":true,"href":"https:\/\/politecnicoindes.edu.co\/indes\/wp-json\/wp\/v2\/product_cat?post=1664"},{"taxonomy":"product_tag","embeddable":true,"href":"https:\/\/politecnicoindes.edu.co\/indes\/wp-json\/wp\/v2\/product_tag?post=1664"}],"curies":[{"name":"wp","href":"https:\/\/api.w.org\/{rel}","templated":true}]}}